14 - -12) - -9 - (-7 - -20)?
-41
Calculate (48 - 2) + (-83 - -16 - -46).
25
Evaluate -5 - (40 + -57) - 25 - (1 + 53).
-67
Evaluate -2 + (21 - -12 - 15) - (1 + 77).
-62
106 + -2 + 2 + 1519 + -1564
61
6 + 9 + 15 - 17 - -66 - 12
67
Evaluate 27 - 84 - 6 - -67.
4
Evaluate (3 - (11 - (-2 + 9))) + (19 - 21).
-3
Calculate 16 - (-9 - 3) - 27 - 17.
-16
Calculate -9 - -12 - -3 - (-40 + (13 - -2)).
31
-76 - (3 - (-1 - (-4 + 7 + -15)))
-68
What is the value of 3 - 1 - (-38 + 51 + (4 - 23))?
8
Evaluate (5 - 0 - -43) + (-554 - -586).
80
What is the value of -66 + 4 + 107 - ((-3 - 0) + 11)?
37
Evaluate 14 + 17 + 53 - 5 - 11.
68
-50 - ((-905 - -899) + (-5 - (-1 - 1)))
-41
Evaluate 16 - (247 - 253 - (0 + 3)).
25
-27 + 23 + (-3 - -2 - -3) - -7
5
What is the value of (-10 + 17 - (-3 - 10)) + -82 - -7?
-55
1 + -120 + 94 - (-1 - 68)
44
Evaluate (-10 - -7 - -10) + 6 - (64 - 47).
-4
Evaluate 140 - (47 - -19) - 117.
-43
Calculate -15 + (-34 + 11 - 5) + 18 + 45.
20
What is (-24 - -42) + 89 - 52?
55
What is the value of -48 - 1 - (-144 + 105)?
-10
Evaluate (289 - 291) + 33 + 2.
33
Evaluate 984 + -826 - (38 - (-8 - -8)).
120
What is the value of -2 + 12 + -26 - -44?
28
Calculate -2900 - -2923 - (0 - -14) - (-51 - 0).
60
Calculate -3 - ((-19 - (-24 - 0)) + -60 - (-7 - -1)).
46
-134 + 133 + -34 - -45
10
Evaluate (2 - -2 - (-1 - 4)) + (16 - -15).
40
79 + -4 + (-341 - -289)
23
Calculate 64 + (0 + (6 - -27 - 21) - 28).
48
Calculate (16 - 27 - -48) + -76.
-39
482 + -439 + -28 + 1
16
Calculate -118 - ((-134 - -100) + -6).
-78
Calculate -22 - 63 - (-37 - (9 + -25) - (-2 + -10)).
-76
Evaluate -19 + (8 - -5 - 3 - -11).
2
Evaluate (1 - -9) + (295 - 302) - 9.
-6
Evaluate -1 + -12 + (23 - -5) - (-50 + 6).
59
What is the value of 4 + 2 + (59 + -29 + -117 - (0 - -7))?
-88
-45 + (-10 - -48) + 9
2
What is the value of (-8 - -9) + 5 + -1 + (-20 - -9)?
-6
1 + 1 + 6 - (92 + -25 + 15 - 23)
-51
What is the value of 3 - 3 - (-18 + 4 - (-7 - -4))?
11
Evaluate 30 + 9 + 6 + 0 + 9 + 265 + -286.
33
What is the value of -18 + (7 - 41 - -13 - 5 - -18)?
-26
4 - (25 - (54 - -19)) - (0 - -2)
50
Calculate (70 - 26 - 34) + (-1 - -4 - 17) + -91.
-95
Evaluate -95 + 225 + -76 + 24.
78
What is -12 - (12 + 1 + -17 + 7)?
-15
Evaluate -45 + 47 - 2 - -11.
11
What is the value of (16 + -30 + -9 - 12) + -44?
-79
35 + -69 + -21 + 8 + -25
-72
What is -132 + -1 - (-177 + 110 + 30)?
-96
What is the value of -41 + -3 + -32 + (17 - -23)?
-36
What is the value of 6 + (28 + -6 - (-8 + (-5 - -26))) - 8?
7
Evaluate 9 + (-51 - -49) - 9.
-2
(-8 + 4 - 8) + (9 - (-78 - (-2 + -1)))
72
6 + -8 + 0 + (-19 - -11) + (57 - -1)
48
-7 + 3 + 0 - (2 - -28 - 11)
-23
Evaluate -37 - (-58 + 2 - -66).
-47
(-13 - -49 - 18) + -27 - (-2 - 41)
34
-74 - (-336 + 320 + (25 - 0) - 17)
-66
What is -5 - ((-26 + 25 - (-1 + -4)) + -2)?
-7
What is the value of -21 - ((8 - 48) + 13 - -18)?
-12
What is -4 + (-2 - 4) + (50 - 27) - -37?
50
What is -39 - -34 - (-139 - -122)?
12
What is (-117 - 0) + -2248 + 2430?
65
What is the value of -13 - (((42 - 3 - -14) + -11 - -1) + -5)?
-51
Calculate (-43 - 3) + -6 + 16 + -9.
-45
Calculate (93 - -9) + 67 + -44 + 5.
130
Calculate -4 - ((39 - (40 - 15)) + 27).
-45
-106 + 275 + -84 + -123
-38
(-28 + -34 - -43) + 45
26
What is the value of -5 - ((-33 - ((0 - -11) + 1)) + 5)?
35
Evaluate -59 - -24 - (-5 - 10) - (-8 + 0).
-12
Evaluate (-17 - (15 - (3 - (-24 + -1)))) + (-4 - -7).
-1
What is the value of -10 - (29 + -17 - -9)?
-31
Evaluate (100 - 3 - (-43 - -30)) + -13 + -18.
79
Calculate 98 + -61 + -1 - 60.
-24
What is 10 + -115 - (959 + -1031)?
-33
Evaluate (-13 - (-1 - -27)) + (7 - 19).
-51
What is the value of (1 - (6 - 2)) + (-15 - (44 - -5)) + 5?
-62
7 - 26 - 4 - (133 - 176)
20
Calculate 76 - ((-59 - (-44 + 12)) + 63).
40
Evaluate 13 + -34 + 21 - (2 + -2 + 1).
-1
Calculate 8 + 2 - ((-29 - -68) + -35 + 9).
-3
What is the value of -20 + -1 - (34 + -29 + -15) - -1 - 8?
-18
Calculate -13 + ((43 - 7) + 41 - 7).
57
What is the value of 5 - ((-76 - -64) + -2 + 18) - (3 - 5)?
3
Calculate -8 + (-1 - 0 - -13) + 1029 + -1035.
-2
What is (-506 - -188) + 308 + (2 - (-28 - 0))?
20
Calculate 39 - (43 - -12) - -30.
14
53 + -69 + (6 - -1) + 5 + 77 - -2
75
Calculate -7 - (-15 + 3) - (-17 - (-91 - -46)).
-23
Evaluate 16 + -5 - -102 - (-8 - (-20 + 4) - -7).
98
101 - (32 + 49 + -3)
23
Calculate 12 + (2 + -3 - 1) + (74 - (176 - 86)).
-6
(-5 - -1) + 11 + (61 + -17 - (-2 + 0))
53
Evaluate 29 - (65 + -3 + -61).
28
(3 - (-6 + (18 - 21))) + -30
-18
Evaluate -9 - (-3 + 7) - (2 + 13) - 21.
-49
What is the value of (-26 - (-17 + -21) - 29) + -41 + -1?
-59
What is the value of 8 - (35 + -7 + -54 + 70)?
-36
What is (-2 - 10) + 7 + -1 + (-24 - (-30 - -31))?
-31
Calculate 25 + -47 - -65 - 81.
-38
What is (19 - (-1 - 5)) + -5 + (-7 + -5 - -23)?
31
Calculate (27 - 6 - 7) + -136 + (7 - (7 + 10)).
-132
Calculate -76 + (24 - (-33 + 34)).
-53
18 + -57 + -20 + 73 + -29
-15
135 + (-56 - (-2 - 14)) + (3 - 2) + -5
91
Calculate -106 - (-3 + 26 + (27 - 27) + -30).
-99
What is the value of -36 - (10 + 22 - (21 + -4))?
-51
1 + (-2 + 0 + 2 + -1 - (767 - 777))
10
What is the value of (-12 - (0 + -2)) + (614 - 560)?
44
(-81 - 3) + 145 + -81
-20
What is 11 + 13 + -28 - -39 - 133?
-98
-23 + 1 - (182 + -198)
-6
What is -37 + (0 - -28) + 10?
1
Evaluate (0 - ((13 - -11) + -12)) + -33 + 1.
-44
What is the value of 11 - 0 - (102 - 112 - (2 - 25))?
-2
What is (-22 - 2) + -103 + 138 - (41 - 0)?
-30
What is the value of 15 - (-12 - ((20 - 40) + 0))?
7
What is the value of 53 + -59 + 50 + -28?
16
Calculate -10 + 59 + -16 + -71.
-38
What is the value of 1 + (-4 + (4 - 1) - (0 + 6 + 7))?
-13
(21 + -17 - 5) + -1 + -3 + 4 + -6
-7
Calculate (4 - (0 + (-16 - 7))) + 2 + -6.
23
-15 + 126 + (-24 - 25)
62
What is the value of 7 + 0 - 5 - (20 + 29 + -15)?
-32
What is the value of 0 - (-5 + (85 - 37 - (6 - (-3 - 1))))?
-33
(3 - -5) + (-161 - -137)
-16
85 - (-62 + (94 - 10))
63
Evaluate -104 + 73 + 71 + -37.
3
What is (64 - 0 - (3 + -6)) + (-117 - -66 - -42)?
58
Evaluate (2 + -25 - 0) + (-7 - (-34 + (9 - -13))).
-18
What is the value of -282 + 268 + (3 - (-3 - -7 - 7))?
-8
What is the value of -893 - -862 - (-1 - -4 - 25)?
-9
Evaluate (-6 - 7) + 11 + 3 + -3 + 4 + -7.
-5
What is the value of (-1 - 0) + ((-63 - -50) + (94 - 7) - 12)?
61
Evaluate 66 - 4 - ((-2 - 2) + (2 + -5 - -2)).
67
What is -111 + 1 + 0 + (10 - -2)?
-98
What is the value of -6 - (-5 - 2 - (25 + -5))?
21
Evaluate 0 + 76 - (-6 - -34 - (14 - (-17 - -6))).
73
What is -29 + -8 + 3 + -3 + 16 - 18?
-39
What is -20 + 20 - (1 - 10) - 22 - (-2 - -7)?
-18
Evaluate -29 + 1 - ((51 - 38) + (-2 - 11)).
-28
What is the value of -16 - (-18 + (44 - -6) - (3 + -22))?
-67
What is (115 - 207 - 119) + 108?
-103
Evaluate (136 - (4 - -15 - 8)) + (-18 - -5 - 1).
111
What is (218 - 228) + 93 - (1 + -1 + 2 - -3)?
78
What is the value of 2 + 37 - (-45 + 69 - (30 + 5))?
50
Calculate -4587 + 4602 + -1 + -44.
-30
What is the value of -113 + 109 + -73 - (-25 + 0)?
-52
Evaluate -2 + 4 + 79 - (10 - (-38 + 41 + 2)).
76
What is 13 + -6 + -19 - -5 - 6?
-13
What is the value of 102 - (118 + -74 + 13)?
45
What is (10 - 16) + -20 + 82 + -26?
30
Evaluate 664 + -704 + (-11 - 3).
-54
Calculate -5 - (21 + (-5 - -1) - 9 - -36).
-49
What is -2 - (-83 - 32) - 87?
26
Evaluate -1 + -1 - 0 - -87 - (-29 - (-57 + 17)).
74
Evaluate 0 - 31 - (-193 + 2 + 160).
0
What is -3 + 9 + -3 + -29 - 5?
-31
Calculate (-52 + -2 - 74) + 64.
-64
Evaluate 10 + 1 + -1467 + 1499.
43
What is (-48 - -5) + (147 - 144)?
-40
Calculate 17 + (18 - -16) + -17 + 7 + -2.
39
Evaluate 40 - (-1 + (37 - 36) + -34).
74
-1 + 1 - (34 + 109 - 100)
-43
What is 28 - (19 - (-69 + 54))?
-6
Evaluate (-2 - -6) + 1 - (-2 + (12 - (8 + 0))).
3
What is the value of (37 - (31 - 19) - -11) + (-2 - -2)?
36
What is 1 + -8 + (15 - (-9 - -4)) - -11?
24
What is the value of -34 - (0 + 20 + (2 - 20))?
-36
What is the value of -4 + (2 - 11) + (29 - (22 - -19))?
-25
What is the value of -2 - -94 - (-30 + 89 + -61)?
94
(17 - ((-6 - -10) + -34)) + -1 + -10 - -5
41
Evaluate (0 - -4) + 13 + (-4 - (-34 + 24)).
23
What is (-121 - -2) + 1849 + -1773?
-43
Evaluate 28 - (14 - 29) - 29 - -35.
49
What is 27 - 26 - (-17 + (9 + -2 - 4))?
15
-2 + (-170 + 110 - 7)
-69
What is (-14 - ((-27 - -7) + 5)) + -12?
-11
13 - 89 - 2 - -12 - -9
-57
161 + 5 + 